Dec 03 00:38:23.457 INFO testing network-communicator-0.1.1 against master#8940af3cea4a9a9deabcaf843b2f8cad9a83fc61 for beta-1.31-5
Dec 03 00:38:23.457 INFO running `"docker" "create" "-v" "/mnt/big/crater/work/local/target-dirs/beta-1.31-5/worker-6/master#8940af3cea4a9a9deabcaf843b2f8cad9a83fc61:/target:rw,Z" "-v" "/mnt/big/crater/work/local/test-source/worker-6/beta-1.31-5/master#8940af3cea4a9a9deabcaf843b2f8cad9a83fc61:/source:ro,Z" "-v" "/mnt/big/crater/work/local/cargo-home:/cargo-home:ro,Z" "-v" "/mnt/big/crater/work/local/rustup-home:/rustup-home:ro,Z" "-e" "USER_ID=1000" "-e" "SOURCE_DIR=/source" "-e" "USER_ID=1000" "-e" "CMD=cargo +8940af3cea4a9a9deabcaf843b2f8cad9a83fc61-alt build --frozen" "-e" "CARGO_TARGET_DIR=/target" "-e" "CARGO_INCREMENTAL=0" "-e" "RUST_BACKTRACE=full" "-e" "RUSTFLAGS=--cap-lints=warn" "-e" "CARGO_HOME=/cargo-home" "-e" "RUSTUP_HOME=/rustup-home" "-m" "1536M" "--network" "none" "crater"`
Dec 03 00:38:23.630 INFO [stdout] d077247fca6cc79f7f9a536fbcaa7f0398252bbdc84317a4d2853f50376e61c0
Dec 03 00:38:23.632 INFO running `"docker" "start" "-a" "d077247fca6cc79f7f9a536fbcaa7f0398252bbdc84317a4d2853f50376e61c0"`
Dec 03 00:38:24.047 INFO [stderr] usermod: no changes
Dec 03 00:38:24.187 INFO [stderr]    Compiling tokio-curl v0.1.11
Dec 03 00:38:28.339 INFO [stderr]    Compiling network-communicator v0.1.1 (/source)
Dec 03 00:38:32.824 INFO [stderr]     Finished dev [unoptimized + debuginfo] target(s) in 8.76s
Dec 03 00:38:32.831 INFO [stderr] su: No module specific data is present
Dec 03 00:38:33.060 INFO running `"docker" "inspect" "d077247fca6cc79f7f9a536fbcaa7f0398252bbdc84317a4d2853f50376e61c0"`
Dec 03 00:38:33.152 INFO running `"docker" "rm" "-f" "d077247fca6cc79f7f9a536fbcaa7f0398252bbdc84317a4d2853f50376e61c0"`
Dec 03 00:38:33.227 INFO [stdout] d077247fca6cc79f7f9a536fbcaa7f0398252bbdc84317a4d2853f50376e61c0
Dec 03 00:38:33.229 INFO running `"docker" "create" "-v" "/mnt/big/crater/work/local/target-dirs/beta-1.31-5/worker-6/master#8940af3cea4a9a9deabcaf843b2f8cad9a83fc61:/target:rw,Z" "-v" "/mnt/big/crater/work/local/test-source/worker-6/beta-1.31-5/master#8940af3cea4a9a9deabcaf843b2f8cad9a83fc61:/source:ro,Z" "-v" "/mnt/big/crater/work/local/cargo-home:/cargo-home:ro,Z" "-v" "/mnt/big/crater/work/local/rustup-home:/rustup-home:ro,Z" "-e" "USER_ID=1000" "-e" "SOURCE_DIR=/source" "-e" "USER_ID=1000" "-e" "CMD=cargo +8940af3cea4a9a9deabcaf843b2f8cad9a83fc61-alt test --frozen --no-run" "-e" "CARGO_TARGET_DIR=/target" "-e" "CARGO_INCREMENTAL=0" "-e" "RUST_BACKTRACE=full" "-e" "RUSTFLAGS=--cap-lints=warn" "-e" "CARGO_HOME=/cargo-home" "-e" "RUSTUP_HOME=/rustup-home" "-m" "1536M" "--network" "none" "crater"`
Dec 03 00:38:33.395 INFO [stdout] 5e79fa3af84d6c948174da1b1740a159974cd7c31ef5ed0edd29c9c3ce6afebf
Dec 03 00:38:33.397 INFO running `"docker" "start" "-a" "5e79fa3af84d6c948174da1b1740a159974cd7c31ef5ed0edd29c9c3ce6afebf"`
Dec 03 00:38:33.741 INFO [stderr] usermod: no changes
Dec 03 00:38:33.874 INFO [stderr]    Compiling network-communicator v0.1.1 (/source)
Dec 03 00:38:42.715 INFO [stderr]     Finished dev [unoptimized + debuginfo] target(s) in 8.95s
Dec 03 00:38:42.735 INFO [stderr] su: No module specific data is present
Dec 03 00:38:43.576 INFO running `"docker" "inspect" "5e79fa3af84d6c948174da1b1740a159974cd7c31ef5ed0edd29c9c3ce6afebf"`
Dec 03 00:38:43.813 INFO running `"docker" "rm" "-f" "5e79fa3af84d6c948174da1b1740a159974cd7c31ef5ed0edd29c9c3ce6afebf"`
Dec 03 00:38:44.043 INFO [stdout] 5e79fa3af84d6c948174da1b1740a159974cd7c31ef5ed0edd29c9c3ce6afebf
Dec 03 00:38:44.047 INFO running `"docker" "create" "-v" "/mnt/big/crater/work/local/target-dirs/beta-1.31-5/worker-6/master#8940af3cea4a9a9deabcaf843b2f8cad9a83fc61:/target:rw,Z" "-v" "/mnt/big/crater/work/local/test-source/worker-6/beta-1.31-5/master#8940af3cea4a9a9deabcaf843b2f8cad9a83fc61:/source:ro,Z" "-v" "/mnt/big/crater/work/local/cargo-home:/cargo-home:ro,Z" "-v" "/mnt/big/crater/work/local/rustup-home:/rustup-home:ro,Z" "-e" "USER_ID=1000" "-e" "SOURCE_DIR=/source" "-e" "USER_ID=1000" "-e" "CMD=cargo +8940af3cea4a9a9deabcaf843b2f8cad9a83fc61-alt test --frozen" "-e" "CARGO_TARGET_DIR=/target" "-e" "CARGO_INCREMENTAL=0" "-e" "RUST_BACKTRACE=full" "-e" "RUSTFLAGS=--cap-lints=warn" "-e" "CARGO_HOME=/cargo-home" "-e" "RUSTUP_HOME=/rustup-home" "-m" "1536M" "--network" "none" "crater"`
Dec 03 00:38:44.575 INFO [stdout] 5604b960e43877e8ac909b4bab866379e2e7e8476cf2e6162b8a62223860e577
Dec 03 00:38:44.583 INFO running `"docker" "start" "-a" "5604b960e43877e8ac909b4bab866379e2e7e8476cf2e6162b8a62223860e577"`
Dec 03 00:38:46.267 INFO [stderr] usermod: no changes
Dec 03 00:38:46.492 INFO [stderr]     Finished dev [unoptimized + debuginfo] target(s) in 0.19s
Dec 03 00:38:46.515 INFO [stdout] 
Dec 03 00:38:46.515 INFO [stderr]      Running /target/debug/deps/network_communicator-d295d239324a0c57
Dec 03 00:38:46.515 INFO [stdout] running 0 tests
Dec 03 00:38:46.515 INFO [stdout] 
Dec 03 00:38:46.515 INFO [stdout] test result: ok. 0 passed; 0 failed; 0 ignored; 0 measured; 0 filtered out
Dec 03 00:38:46.515 INFO [stdout] 
Dec 03 00:38:46.523 INFO [stderr]      Running /target/debug/deps/download-9e373641d9195202
Dec 03 00:38:46.611 INFO [stdout] 
Dec 03 00:38:46.611 INFO [stdout] running 3 tests
Dec 03 00:38:46.651 INFO [stdout] test test_drop_network_manager_1 ... ok
Dec 03 00:38:46.787 INFO [stdout] test test_drop_network_manager_3 ... FAILED
Dec 03 00:38:46.791 INFO [stdout] test test_drop_network_manager_2 ... FAILED
Dec 03 00:38:46.791 INFO [stdout] 
Dec 03 00:38:46.791 INFO [stdout] failures:
Dec 03 00:38:46.791 INFO [stdout] 
Dec 03 00:38:46.791 INFO [stdout] ---- test_drop_network_manager_3 stdout ----
Dec 03 00:38:46.791 INFO [stdout] thread 'test_drop_network_manager_3' panicked at 'assertion failed: result_1.unwrap().is_ok()', tests/download.rs:69:2
Dec 03 00:38:46.791 INFO [stdout] stack backtrace:
Dec 03 00:38:46.791 INFO [stdout]    0:     0x5622cadcc4df - std::sys::unix::backtrace::tracing::imp::unwind_backtrace::h3a8b83e1922cbdde
Dec 03 00:38:46.791 INFO [stdout]                                at libstd/sys/unix/backtrace/tracing/gcc_s.rs:49
Dec 03 00:38:46.791 INFO [stdout]    1:     0x5622cadd56a7 - std::sys_common::backtrace::print::h00d3155a29b4020f
Dec 03 00:38:46.791 INFO [stdout]                                at libstd/sys_common/backtrace.rs:71
Dec 03 00:38:46.791 INFO [stdout]                                at libstd/sys_common/backtrace.rs:59
Dec 03 00:38:46.791 INFO [stdout]    2:     0x5622cadd038f - std::panicking::default_hook::{{closure}}::hd7465c742e79e1bb
Dec 03 00:38:46.791 INFO [stdout]                                at libstd/panicking.rs:211
Dec 03 00:38:46.791 INFO [stdout]    3:     0x5622cadd008e - std::panicking::default_hook::h9e3966f2aa2a6e12
Dec 03 00:38:46.791 INFO [stdout]                                at libstd/panicking.rs:221
Dec 03 00:38:46.791 INFO [stdout]    4:     0x5622cadd0a6e - std::panicking::rust_panic_with_hook::h587f091ae747d080
Dec 03 00:38:46.791 INFO [stdout]                                at libstd/panicking.rs:476
Dec 03 00:38:46.791 INFO [stdout]    5:     0x5622cad6bac7 - std::panicking::begin_panic::h9c68663f56810f43
Dec 03 00:38:46.791 INFO [stdout]                                at libstd/panicking.rs:410
Dec 03 00:38:46.791 INFO [stdout]    6:     0x5622cabb20ce - download::test_drop_network_manager_3::he9a6514419e44940
Dec 03 00:38:46.791 INFO [stdout]                                at tests/download.rs:69
Dec 03 00:38:46.791 INFO [stdout]    7:     0x5622cabb1ec9 - download::test_drop_network_manager_3::{{closure}}::h9b916a69e1ed561f
Dec 03 00:38:46.791 INFO [stdout]                                at tests/download.rs:63
Dec 03 00:38:46.792 INFO [stdout]    8:     0x5622cabb664d - core::ops::function::FnOnce::call_once::h419b243a5fa04188
Dec 03 00:38:46.792 INFO [stdout]                                at libcore/ops/function.rs:238
Dec 03 00:38:46.792 INFO [stdout]    9:     0x5622cabd397e - <F as alloc::boxed::FnBox<A>>::call_box::hac903f91577a156c
Dec 03 00:38:46.792 INFO [stdout]                                at libtest/lib.rs:1468
Dec 03 00:38:46.792 INFO [stdout]                                at libcore/ops/function.rs:238
Dec 03 00:38:46.792 INFO [stdout]                                at liballoc/boxed.rs:672
Dec 03 00:38:46.792 INFO [stdout]   10:     0x5622cade0659 - __rust_maybe_catch_panic
Dec 03 00:38:46.792 INFO [stdout]                                at libpanic_unwind/lib.rs:102
Dec 03 00:38:46.792 INFO [stdout]   11:     0x5622cabf55d2 - std::sys_common::backtrace::__rust_begin_short_backtrace::hb8f0d0309526c184
Dec 03 00:38:46.792 INFO [stdout]                                at libstd/panicking.rs:289
Dec 03 00:38:46.792 INFO [stdout]                                at libstd/panic.rs:392
Dec 03 00:38:46.792 INFO [stdout]                                at libtest/lib.rs:1423
Dec 03 00:38:46.792 INFO [stdout]                                at libstd/sys_common/backtrace.rs:136
Dec 03 00:38:46.792 INFO [stdout]   12:     0x5622cabf6084 - std::panicking::try::do_call::hc2f7c8b9a348d8db
Dec 03 00:38:46.792 INFO [stdout]                                at libstd/thread/mod.rs:409
Dec 03 00:38:46.792 INFO [stdout]                                at libstd/panic.rs:313
Dec 03 00:38:46.792 INFO [stdout]                                at libstd/panicking.rs:310
Dec 03 00:38:46.792 INFO [stdout]   13:     0x5622cade0659 - __rust_maybe_catch_panic
Dec 03 00:38:46.792 INFO [stdout]                                at libpanic_unwind/lib.rs:102
Dec 03 00:38:46.792 INFO [stdout]   14:     0x5622cabe32bc - <F as alloc::boxed::FnBox<A>>::call_box::h6bfded618e480b32
Dec 03 00:38:46.792 INFO [stdout]                                at libstd/panicking.rs:289
Dec 03 00:38:46.792 INFO [stdout]                                at libstd/panic.rs:392
Dec 03 00:38:46.792 INFO [stdout]                                at libstd/thread/mod.rs:408
Dec 03 00:38:46.792 INFO [stdout]                                at liballoc/boxed.rs:672
Dec 03 00:38:46.792 INFO [stdout]   15:     0x5622cadce25d - std::sys_common::thread::start_thread::h4c28257d67cdf9cb
Dec 03 00:38:46.792 INFO [stdout]                                at liballoc/boxed.rs:682
Dec 03 00:38:46.792 INFO [stdout]                                at libstd/sys_common/thread.rs:24
Dec 03 00:38:46.792 INFO [stdout]   16:     0x5622cadc2d55 - std::sys::unix::thread::Thread::new::thread_start::hfecb2e7eff8fd34f
Dec 03 00:38:46.792 INFO [stdout]                                at libstd/sys/unix/thread.rs:90
Dec 03 00:38:46.792 INFO [stdout]   17:     0x7f859cde66b9 - start_thread
Dec 03 00:38:46.792 INFO [stdout]   18:     0x7f859c90641c - clone
Dec 03 00:38:46.792 INFO [stdout]   19:                0x0 - <unknown>
Dec 03 00:38:46.792 INFO [stdout] 
Dec 03 00:38:46.792 INFO [stdout] ---- test_drop_network_manager_2 stdout ----
Dec 03 00:38:46.792 INFO [stdout] thread 'test_drop_network_manager_2' panicked at 'assertion failed: result_1.unwrap().is_ok()', tests/download.rs:55:2
Dec 03 00:38:46.792 INFO [stdout] stack backtrace:
Dec 03 00:38:46.792 INFO [stdout]    0:     0x5622cadcc4df - std::sys::unix::backtrace::tracing::imp::unwind_backtrace::h3a8b83e1922cbdde
Dec 03 00:38:46.792 INFO [stdout]                                at libstd/sys/unix/backtrace/tracing/gcc_s.rs:49
Dec 03 00:38:46.792 INFO [stdout]    1:     0x5622cadd56a7 - std::sys_common::backtrace::print::h00d3155a29b4020f
Dec 03 00:38:46.792 INFO [stdout]                                at libstd/sys_common/backtrace.rs:71
Dec 03 00:38:46.792 INFO [stdout]                                at libstd/sys_common/backtrace.rs:59
Dec 03 00:38:46.792 INFO [stdout]    2:     0x5622cadd038f - std::panicking::default_hook::{{closure}}::hd7465c742e79e1bb
Dec 03 00:38:46.792 INFO [stdout]                                at libstd/panicking.rs:211
Dec 03 00:38:46.792 INFO [stdout]    3:     0x5622cadd008e - std::panicking::default_hook::h9e3966f2aa2a6e12
Dec 03 00:38:46.792 INFO [stdout]                                at libstd/panicking.rs:221
Dec 03 00:38:46.792 INFO [stdout]    4:     0x5622cadd0a6e - std::panicking::rust_panic_with_hook::h587f091ae747d080
Dec 03 00:38:46.792 INFO [stdout]                                at libstd/panicking.rs:476
Dec 03 00:38:46.792 INFO [stdout]    5:     0x5622cad6bac7 - std::panicking::begin_panic::h9c68663f56810f43
Dec 03 00:38:46.792 INFO [stdout]                                at libstd/panicking.rs:410
Dec 03 00:38:46.792 INFO [stdout]    6:     0x5622cabb1c62 - download::test_drop_network_manager_2::h75694435124af8ae
Dec 03 00:38:46.792 INFO [stdout]                                at tests/download.rs:55
Dec 03 00:38:46.792 INFO [stdout]    7:     0x5622cabb1aa9 - download::test_drop_network_manager_2::{{closure}}::h44c3cdfa3b97f14a
Dec 03 00:38:46.792 INFO [stdout]                                at tests/download.rs:50
Dec 03 00:38:46.792 INFO [stdout]    8:     0x5622cabb67fd - core::ops::function::FnOnce::call_once::ha8846946c36764e1
Dec 03 00:38:46.792 INFO [stdout]                                at libcore/ops/function.rs:238
Dec 03 00:38:46.792 INFO [stdout]    9:     0x5622cabd397e - <F as alloc::boxed::FnBox<A>>::call_box::hac903f91577a156c
Dec 03 00:38:46.792 INFO [stdout]                                at libtest/lib.rs:1468
Dec 03 00:38:46.792 INFO [stdout]                                at libcore/ops/function.rs:238
Dec 03 00:38:46.792 INFO [stdout]                                at liballoc/boxed.rs:672
Dec 03 00:38:46.792 INFO [stdout]   10:     0x5622cade0659 - __rust_maybe_catch_panic
Dec 03 00:38:46.792 INFO [stdout]                                at libpanic_unwind/lib.rs:102
Dec 03 00:38:46.792 INFO [stdout]   11:     0x5622cabf55d2 - std::sys_common::backtrace::__rust_begin_short_backtrace::hb8f0d0309526c184
Dec 03 00:38:46.792 INFO [stdout]                                at libstd/panicking.rs:289
Dec 03 00:38:46.792 INFO [stdout]                                at libstd/panic.rs:392
Dec 03 00:38:46.792 INFO [stdout]                                at libtest/lib.rs:1423
Dec 03 00:38:46.792 INFO [stdout]                                at libstd/sys_common/backtrace.rs:136
Dec 03 00:38:46.792 INFO [stdout]   12:     0x5622cabf6084 - std::panicking::try::do_call::hc2f7c8b9a348d8db
Dec 03 00:38:46.792 INFO [stdout]                                at libstd/thread/mod.rs:409
Dec 03 00:38:46.792 INFO [stdout]                                at libstd/panic.rs:313
Dec 03 00:38:46.792 INFO [stdout]                                at libstd/panicking.rs:310
Dec 03 00:38:46.792 INFO [stdout]   13:     0x5622cade0659 - __rust_maybe_catch_panic
Dec 03 00:38:46.792 INFO [stdout]                                at libpanic_unwind/lib.rs:102
Dec 03 00:38:46.792 INFO [stdout]   14:     0x5622cabe32bc - <F as alloc::boxed::FnBox<A>>::call_box::h6bfded618e480b32
Dec 03 00:38:46.792 INFO [stdout]                                at libstd/panicking.rs:289
Dec 03 00:38:46.792 INFO [stdout]                                at libstd/panic.rs:392
Dec 03 00:38:46.792 INFO [stdout]                                at libstd/thread/mod.rs:408
Dec 03 00:38:46.792 INFO [stdout]                                at liballoc/boxed.rs:672
Dec 03 00:38:46.792 INFO [stdout]   15:     0x5622cadce25d - std::sys_common::thread::start_thread::h4c28257d67cdf9cb
Dec 03 00:38:46.792 INFO [stdout]                                at liballoc/boxed.rs:682
Dec 03 00:38:46.792 INFO [stdout]                                at libstd/sys_common/thread.rs:24
Dec 03 00:38:46.793 INFO [stdout]   16:     0x5622cadc2d55 - std::sys::unix::thread::Thread::new::thread_start::hfecb2e7eff8fd34f
Dec 03 00:38:46.793 INFO [stdout]                                at libstd/sys/unix/thread.rs:90
Dec 03 00:38:46.793 INFO [stdout]   17:     0x7f859cde66b9 - start_thread
Dec 03 00:38:46.793 INFO [stdout]   18:     0x7f859c90641c - clone
Dec 03 00:38:46.793 INFO [stdout]   19:                0x0 - <unknown>
Dec 03 00:38:46.793 INFO [stdout] 
Dec 03 00:38:46.793 INFO [stdout] 
Dec 03 00:38:46.793 INFO [stdout] failures:
Dec 03 00:38:46.793 INFO [stdout]     test_drop_network_manager_2
Dec 03 00:38:46.793 INFO [stdout]     test_drop_network_manager_3
Dec 03 00:38:46.793 INFO [stdout] 
Dec 03 00:38:46.793 INFO [stdout] test result: FAILED. 1 passed; 2 failed; 0 ignored; 0 measured; 0 filtered out
Dec 03 00:38:46.793 INFO [stdout] 
Dec 03 00:38:46.799 INFO [stderr] error: test failed, to rerun pass '--test download'
Dec 03 00:38:46.799 INFO [stderr] su: No module specific data is present
Dec 03 00:38:47.631 INFO running `"docker" "inspect" "5604b960e43877e8ac909b4bab866379e2e7e8476cf2e6162b8a62223860e577"`
Dec 03 00:38:47.891 INFO running `"docker" "rm" "-f" "5604b960e43877e8ac909b4bab866379e2e7e8476cf2e6162b8a62223860e577"`
Dec 03 00:38:48.143 INFO [stdout] 5604b960e43877e8ac909b4bab866379e2e7e8476cf2e6162b8a62223860e577
